 i and x?
4
Suppose l - 1 - 64 = 0. Calculate the highest common factor of l and 455.
65
Suppose -868 = -16*i + 1004. Let m = 3 + -1. Let r be m - 2*(-11)/2. Calculate the highest common divisor of r and i.
13
Let o be (-2*10/15)/((-3)/27). Let j be 1/((-3)/6) - -7. Suppose j*l = 651 - 171. What is the greatest common factor of l and o?
12
Let l be 18/(-21) + (-5520)/(-70). What is the greatest common divisor of 507 and l?
39
Let k = 45 - 41. Suppose -25 = 4*m + 15. Let z be 11/(m/(-8) + -1). What is the highest common divisor of z and k?
4
Let q = 8 - 3. Suppose -3*c - d - 17 = -q*c, 3 = d. Let b = -217 + 327. What is the highest common divisor of c and b?
10
Suppose 402 + 178 = 2*o. Let c(t) = 30*t**3 - 2*t**2 - 2*t + 3. Let m be c(1). What is the greatest common divisor of o and m?
29
Suppose -12*m + 2842 = -5*m. Calculate the highest common factor of m and 14.
14
Let i be (-3)/(-15) + 174/5. Suppose -5*o + 85 = -i. What is the highest common divisor of o and 3?
3
Let x(s) = 27*s. Let w be x(-2). Let h = 14 - w. Let u be 7*(1 - (-100)/70). What is the highest common divisor of h and u?
17
Suppose -692 = -7*v + 3*v + 4*u, 340 = 2*v - 5*u. What is the highest common factor of v and 7?
7
Suppose -7*q = 496 + 43. Let s = -67 - q. What is the highest common divisor of 80 and s?
10
Suppose 3*a - 11 = 2*a. Let u(t) = t**2 - 6*t + 4. Let l be u(6). Let o be 122 - (2 + 3 - l). Calculate the greatest common factor of o and a.
11
Suppose -4*r = -20*u + 22*u - 628, -613 = -2*u - r. Calculate the highest common factor of 19 and u.
19
Let s be 13 + (-369)/(-9) + 12. What is the greatest common factor of 154 and s?
22
Let g(c) = -16*c - 2. Let s be g(-2). Suppose 0 = -5*y + 6*y + 3*j, 0 = 2*j + 10. What is the highest common factor of s and y?
15
Let l be 2979/18 + 5/2. Calculate the highest common divisor of l and 756.
84
Let u = 78 + -30. Let w be 142 + 5 + (1 - 4). What is the highest common divisor of u and w?
48
Let q(k) = -19*k. Let g be q(2). Let x = -54 + 107. Let s = x + g. Calculate the highest common factor of s and 6.
3
Let q(x) = x**2 - 12*x + 25. Let l be q(9). Let s be 2/4*l*-25 - -4. What is the highest common factor of 116 and s?
29
Suppose 3 = -h + 2. Let q(t) = -141*t**3 - t**2 - 4*t - 3. Let l be q(h). What is the greatest common divisor of l and 47?
47
Suppose -9*f = -5*f - 8. Suppose 0 = 2*n + f*n - 228. Suppose 17*m - 85 - 238 = 0. What is the greatest common factor of m and n?
19
Let o(v) = v**3 - 4*v**2 + 4. Let z be o(3). Let u = z - -19. Suppose -10 = -3*q + 95. What is the greatest common factor of u and q?
7
Suppose 3*f = 5*b + 986, -12*b + 16*b = 5*f - 1626. What is the highest common factor of f and 46?
46
Let l be ((-10)/2)/(-5) - -23. What is the greatest common factor of l and 30?
6
Let a be (-2)/9 + (-1337)/(-63). Let k be 377/2 + (-3)/(-6). Calculate the highest common factor of a and k.
21
Suppose 0 = 3*k + 5*a - 155, 5*k = -0*k - 5*a + 245. Let q(i) = -2*i**2 - i + 9. Let w be q(0). Calculate the highest common factor of w and k.
9
Let x be (-6)/5*(-2560)/48. Calculate the highest common divisor of 72 and x.
8
Let x = 71 + -50. Let k(d) = -d**3 + 13*d**2 - 5*d + 21. Let l be k(12). Calculate the highest common divisor of x and l.
21
Suppose -39*y + 2200 = 5*y. Calculate the highest common factor of y and 450.
50
Let w be (-28)/(-6)*6/4. Suppose -7*g + 2*g + 4*t - 676 = 0, 3*t - 677 = 5*g. Let f = -73 - g. Calculate the greatest common divisor of w and f.
7
Let a = -219 - -618. Calculate the highest common factor of a and 76.
19
Let x(n) = 20*n**3 - 2*n**2 + 6*n - 10. Let j be x(2). What is the highest common divisor of j and 110?
22
Let i = -49 - -60. Let t = -137 + 159. Calculate the greatest common factor of t and i.
11
Let g(u) = 6*u**2 - u - 22. Let v be g(9). Calculate the greatest common factor of 325 and v.
65
Suppose 4*k - 365 = -5*g, 2*g = -2*k - 2*g + 178. Let b = -48 + 86. What is the greatest common factor of k and b?
19
Let v be ((-2)/(-6))/(2/78). Suppose q - 5*n + 0*n = -2, q = -n + 16. What is the highest common divisor of v and q?
13
Suppose -13*z + 72 = 3*f - 11*z, 0 = -3*f + 3*z + 72. Suppose -4*p = 3*g, -2*g - 14 = -2*p - 0*p. What is the highest common divisor of f and p?
3
Let m = -72 - -71. Let j be 9 + -6 + (m - -4 - 4). What is the highest common divisor of 1 and j?
1
Let l = -500 - -836. What is the highest common divisor of l and 96?
48
Suppose -1086 = -3*j - 381. Calculate the greatest common factor of j and 188.
47
Let j = 31 - 52. Let x = -15 - j. What is the highest common divisor of x and 15?
3
Suppose -106*l + 116*l = 630. Calculate the highest common divisor of 45 and l.
9
Suppose 3*w + 5*h = 38, -w - 3*h + 155 = 137. Let j be 2/5 + 236/10. Calculate the greatest common factor of w and j.
6
Let y be (1/((-4)/(-51)))/(309/8240). Calculate the highest common factor of y and 140.
20
Let o(v) = v**3 - 3*v**2 - v - 3. Let c be o(3). Let f be (-60)/(-1*(-9)/c). Calculate the highest common divisor of 100 and f.
20
Let s = 11 - -10. Suppose -5*i = -2*o - s, -2 - 4 = i + 3*o. Suppose -2*q + 50 = -z, -q + 3*z + 102 = i*q. Calculate the greatest common divisor of q and 60.
12
Let p be (315/12)/(2 - 35/20). Calculate the greatest common factor of p and 63.
21
Let b = 93 - 33. Suppose -2*g - g + b = 0. Let z be (-4)/22 + (3192/132 - 4 - -10). What is the greatest common factor of z and g?
10
Suppose 4*n + 11*p - 6*p = 326, 3*n = -p + 239. Let o be 3/(-2 + n/38). Let d(b) = -b + 30. Let r be d(11). Calculate the highest common divisor of r and o.
19
Let h be (-252)/(-20) - 15/25. Let n be (28/h - 1)*2*12. What is the highest common factor of 80 and n?
16
Let i be (6/(-4))/(111/30 + -4). Let a be i - 2 - (-3 - 192). Calculate the greatest common divisor of 22 and a.
22
Let a = 75 + -72. Suppose o - 2*s = -a*s + 49, 5*s = 5*o - 205. Calculate the greatest common divisor of 90 and o.
45
Suppose -36 = -h - h. Let g = -2053 + 2077. What is the highest common divisor of h and g?
6
Suppose 0 = 5*a - l - 625, 3*a = -a + 4*l + 500. Calculate the greatest common factor of a and 5.
5
Let y(j) = 46*j**2 + 2*j + 1. Let m be y(2). Suppose 0 = 4*q - 6*q + 54. Calculate the highest common factor of m and q.
27
Let l(p) = 3*p**2 + 1. Let j be l(3). Suppose 0 = -3*v + y + 59 + 151, -280 = -4*v - 2*y. Calculate the highest common divisor of j and v.
14
Suppose 48*b - 143 = 1. Suppose 0 = -3*a + 14 + 31. Calculate the greatest common factor of a and b.
3
Let a(z) = 3*z + 45. Let w be a(-14). Suppose -g + 64 = 5*n, -4*g + w*n - 6*n + 222 = 0. Calculate the highest common factor of g and 36.
18
Suppose -y - 5*d = -6*d - 134, -y = -3*d - 140. What is the highest common factor of y and 1?
1
Suppose 4*h = -2*f + 18, -4*f - 378*h = -381*h - 69. Suppose -2*g + 144 = -g - 3*k, 3*g - 4*k - 417 = 0. What is the highest common factor of f and g?
15
Let c be (30 - (1 + -1))*6/9. Suppose 3*i - 53 = -2*o, -o - 4*i + c = -14. Calculate the greatest common divisor of 77 and o.
11
Let i(r) = -r**2 - 2*r + 72. Let l be i(0). Let a = l - 70. Calculate the highest common divisor of a and 14.
2
Let l = -836 + 941. Calculate the highest common divisor of 45 and l.
15
Let w = 18 - -13. Let y = 51 - w. Suppose 0*d - 20 = -5*d. Calculate the highest common factor of d and y.
4
Let m(r) = 2*r**2 - 5*r + 3. Let b be m(4). What is the highest common divisor of b and 55?
5
Suppose -6*u + 276 = -9*u. Suppose 0*g = 4*c + 3*g + 226, 0 = -3*c - 5*g - 164. Let j = c - u. Calculate the greatest common divisor of 17 and j.
17
Suppose -12*m = 3*r - 7*m - 1182, -4*r = 3*m - 1587. What is the highest common divisor of 1330 and r?
133
Suppose -2*j + 2*f + 68 = 0, 20*f - 182 = -5*j + 19*f. Calculate the greatest common divisor of 588 and j.
12
Let r(f) = 2*f**2 - 66*f - 160. Let k be r(36). Calculate the highest common factor of k and 364.
28
Let n = 1517 + -1011. What is the greatest common factor of n and 46?
46
Let f be (-60)/(-14)*(-14)/(-2). Suppose -4*b - 3*z + 25 = -73, -2*z - f = -b. Calculate the greatest common factor of b and 13.
13
Let p(x) = x**2 + 2*x + 3. Let f be p(-8). Let b(o) = 2*o - 5. Let z be b(-6). Let n be z*(1 - (1 + 1)). What is the greatest common divisor of f and n?
17
Let y(q) = 34*q**2 - 17*q + 10. Let j be y(4). What is t